n(q) = q**3 + 4*q**2 - 10*q - 50. What is n(-3)?
-11
Let b(a) = a**3 - 149*a**2 - 143*a - 1182. Give b(150).
-132
Let f(l) = 325*l + 21461. Calculate f(-66).
11
Let t(x) = -592*x**2 - 4497*x - 2471. What is t(-7)?
0
Let p(i) = -4099*i + 40042. Give p(10).
-948
Let b(q) = -15*q**2 - 117*q + 280. Determine b(-11).
-248
Let h(y) = 15*y**2 + 4465*y - 27295. Give h(6).
35
Let b(a) = 1047*a - 76219. Determine b(73).
212
Let f(j) = -19127*j + 382535. Give f(20).
-5
Let j(g) = -13*g**3 - 6*g**2 - 43*g - 113. What is j(-3)?
313
Let x(q) = 90*q**3 - 34*q**2 + 76*q - 5. What is x(2)?
731
Let j(m) = -2*m**2 + 230*m - 6555. What is j(54)?
33
Let d(p) = -5*p**2 + 132*p + 412. Determine d(-3).
-29
Let k(a) = -a**2 + 35*a - 8. Give k(-3).
-122
Let p(a) = -368*a - 809. Calculate p(-1).
-441
Let g(h) = -h**3 + 220*h**2 - 7880*h + 243. What is g(45)?
18
Let o(u) = -u**3 + 160*u**2 + 171*u + 2486. Calculate o(161).
4096
Let s(k) = k**3 - 211*k**2 - 219*k + 1610. Give s(212).
126
Let f(n) = 1284*n**2 - 14130*n + 44. What is f(11)?
-22
Let t(v) = 4*v**2 + 15909*v - 47727. Give t(3).
36
Let f(m) = -m**2 - 163157*m - 652607. Calculate f(-4).
5
Let w(s) = -419*s + 77755. Calculate w(185).
240
Let i(o) = -14968*o + 269520. What is i(18)?
96
Let w(o) = 40*o**2 + 211*o - 264. Give w(-7).
219
Let j(l) = -19*l**2 + 7804*l - 21233. Give j(408).
-17
Let j(p) = -31*p**2 - 4252*p + 8612. What is j(2)?
-16
Let c(p) = 12*p**2 - 71*p + 687. Give c(8).
887
Let g(b) = 172*b**2 - 3504*b + 10438. Determine g(3).
1474
Let m(a) = 88*a**2 - a - 18. Give m(-2).
336
Let q(t) = 5859*t + 1593645. What is q(-272)?
-3
Let j(n) = 34540*n - 68715. Give j(2).
365
Let j(m) = 222*m + 1237. What is j(-7)?
-317
Let a(l) = -l**2 + 318*l + 4650. Give a(332).
2
Let w(a) = -1180*a + 42148. What is w(35)?
848
Let q(d) = d**3 + 20*d**2 + 16*d - 59. Calculate q(-18).
301
Let r(v) = 24*v**3 + 11*v**2 - 195*v - 649. What is r(-3)?
-613
Let k(l) = -2*l**3 - 30*l**2 + 32*l + 981. Determine k(-14).
141
Let h(a) = 211*a**2 + 636*a - 2. Determine h(-4).
830
Let s(f) = -45*f**2 + 2750*f - 508. Calculate s(62).
-2988
Let b(h) = -534*h - 73737. Determine b(-138).
-45
Let f(k) = 4*k**3 - 749*k**2 + 917*k + 2107. What is f(186)?
-311
Let j(x) = 2*x**3 - 17*x**2 + 606*x - 1703. Determine j(3).
16
Let u(b) = 2482*b**3 - b**2 + 149*b - 149. Give u(1).
2481
Let z(l) = -3*l**3 + 445*l**2 - 593*l - 335. Calculate z(147).
-1070
Let t(o) = -5*o**3 + 16*o**2 - 18*o - 121. Calculate t(-2).
19
Let v(j) = -j**3 + 316*j**2 + 20387*j + 6676. Determine v(371).
-2
Let i(q) = 13921*q - 487274. What is i(35)?
-39
Let o(q) = -2*q**2 + 6179*q - 147116. Calculate o(24).
28
Let w(s) = 3*s**2 - 61*s - 279. Give w(25).
71
Let z(f) = 223*f + 1104. Determine z(-10).
-1126
Let y(z) = 7*z**3 + 52*z**2 - 253*z - 1765. Give y(-8).
3
Let x(z) = 2*z**3 - 49*z**2 - 206*z + 4004. What is x(26)?
676
Let s(y) = -y**3 + 18*y**2 + 19*y - 524. Determine s(19).
-524
Let n(z) = 165*z - 1593. Determine n(18).
1377
Let b(j) = 60*j**3 - 20*j**2 - 66*j - 63. Give b(-2).
-491
Let f(b) = -b**2 + 2189*b - 102467. Calculate f(48).
301
Let w(u) = -59*u**2 - 5663*u + 97. Calculate w(-96).
1
Let m(d) = -3357*d + 1044038. Give m(311).
11
Let s(m) = m**2 - 134*m + 3954. What is s(90)?
-6
Let s(y) = -424*y**3 - 24592*y**2 + 3*y + 172. Give s(-58).
-2
Let h(c) = -427630*c + 1710656. What is h(4)?
136
Let l(q) = -155*q**3 - 393*q**2 - 391*q + 1. Determine l(-1).
154
Let r(d) = d**2 + 114*d + 527. Calculate r(-110).
87
Let d(r) = 503*r**2 + 27159*r - 174. Determine d(-54).
-12
Let u(p) = 21*p**2 + 36*p - 161. Give u(6).
811
Let u(j) = -j**3 + 78*j**2 - 1462*j + 767. Determine u(33).
1526
Let s(n) = 3*n**2 - 3827*n - 137631. What is s(-35)?
-11
Let j(m) = -14*m + 881. Give j(44).
265
Let g(n) = -347*n - 14412. Calculate g(-46).
1550
Let s(z) = 1653*z + 8093. Calculate s(-6).
-1825
Let r(b) = 20*b**2 - 1656427*b - 1656427. Determine r(-1).
20
Let j(m) = 42*m**2 + 1563*m - 1253. Give j(-38).
1
Let j(g) = 38*g + 4017. Calculate j(-111).
-201
Let c(q) = -167*q - 20322. Calculate c(-119).
-449
Let b(o) = -2*o**3 + 196*o**2 + 192*o - 62. Calculate b(99).
-656
Let a(w) = 6*w**3 - 2*w**2 - 7*w - 15. Calculate a(-4).
-403
Let x(u) = 2*u**3 - 11137*u**2 - 156311*u - 9. What is x(-14)?
5
Let k(i) = -16*i**2 - 139*i + 820. Give k(4).
8
Let m(r) = r**2 - 97*r + 1471. Determine m(28).
-461
Let k(i) = -i**3 + 22*i**2 + 239*i - 5885. Give k(25).
-1785
Let l(d) = 3*d**3 + 3*d**2 - 1867*d - 2065. Determine l(25).
10
Let a(h) = 14222*h + 526201. What is a(-37)?
-13
Let a(r) = 5*r**3 + 136*r**2 + 46*r + 280. Determine a(-27).
-233
Let j(q) = -q**3 - 23*q**2 - 1177*q - 23645. Give j(-21).
190
Let q(n) = 263*n - 16744. What is q(65)?
351
Let t(r) = -6331*r + 32580. What is t(5)?
925
Let h(p) = p**3 - 3*p**2 + 25580*p - 51160. Calculate h(2).
-4
Let w(b) = 8*b - 1341. Determine w(130).
-301
Let v(u) = u**2 - 197*u + 9518. Determine v(81).
122
Let s(b) = 668*b**2 + 2414*b + 1197. Calculate s(-3).
-33
Let l(h) = -h**3 + 53*h**2 + 84*h + 733. Give l(55).
-697
Let c(d) = -2*d**3 + 1121*d**2 - 115*d - 249237. Calculate c(560).
-37
Let t(u) = u**3 - 32*u**2 + 1740*u - 50405. Give t(30).
-5
Let o(p) = 79*p - 12972. What is o(178)?
1090
Let l(b) = b**2 - 39*b - 1088. Determine l(-18).
-62
Let t(y) = y**3 + 290*y**2 - 4241*y + 4545. Determine t(-304).
-15
Let v(f) = f**3 + f**2 - 24*f + 253. What is v(7)?
477
Let o(d) = 2294*d - 399042. Determine o(174).
114
Let w(g) = -g**3 - 398*g**2 - 444*g - 18639. Give w(-397).
20
Let d(w) = -w**3 - 81517*w**2 - 407565*w - 19. Determine d(-5).
6
Let z(v) = -1003*v**3 + 5016*v**2 - 17*v + 46. Give z(5).
-14
Let k(f) = -48741*f + 3558148. Calculate k(73).
55
Let r(t) = -t**3 + 17*t**2 - 529*t - 2468. Calculate r(-4).
-16
Let n(v) = v**3 - 77*v**2 + 363*v - 10592. Determine n(74).
-158
Let o(z) = -279*z + 28292. What is o(103)?
-445
Let b(z) = 28*z**2 + 727*z + 1442. Determine b(-2).
100
Let p(g) = -9898*g + 900714. Calculate p(91).
-4
Let l(u) = 4780*u - 243813. Give l(51).
-33
Let c(u) = -2221*u - 28753. What is c(-13)?
120
Let a(g) = 17867*g + 124950. Calculate a(-7).
-119
Let g(t) = -14458*t + 43312. Calculate g(3).
-62
Let z(m) = -32*m**2 - 191*m + 6049. Give z(11).
76
Let c(d) = -8*d**2 + 337*d + 903. Calculate c(44).
243
Let n(m) = -6*m**2 - 2044*m + 39449. What is n(-359)?
-41
Let h(q) = -q**3 - 163*q**2 - 897*q + 7376. What is h(-157)?
311
Let v(z) = -z**3 - 12*z**2 + 169*z + 1986. What is v(-14)?
12
Let t(l) = -37*l**2 - 1919*l - 189. Give t(-52).
-449
Let k(i) = 321*i**2 + 8033*i - 137. What is k(-25)?
-337
Let f(l) = -113*l**2 + 443*l + 28. Give f(4).
-8
Let r(m) = -1281*m**2 - 32026*m - 27. Determine r(-25).
-2
Let g(n) = -128626*n**2 - 1543509*n + 38. What is g(-12)?
2
Let t(s) = -11*s**2 + 1274*s - 22713. Give t(22).
-9
Let x(f) = 13*f**3 + 1507*f**2 - 68*f + 5522. Determine x(-116).
-46
Let d(g) = 2640*g - 181558. Calculate d(69).
602
Let y(b) = -1496*b - 121204. What is y(-81)?
-28
Let y(p) = -7*p**3 - 435*p**2 - 40*p + 38. Give y(-62).
-1326
Let m(g) = -g**2 + 98*g + 7577. What is m(145)?
762
Let i(j) = -439*j - 98606. Calculate i(-225).
169
Let y(h) = -h**2 - 4298*h - 1964563. What is y(-520)?
-3
Let l(a) = -10*a**3 - 164*a**2 - 328*a + 108. Calculate l(-14).
-4
Let u(f) = -2*f**3 + 1260*f**2 + 62193*f - 656. Determine u(676).
20
Let v(d) = -3*d**2 + 422*d + 4278. Determine v(149).
553
Let h(o) = 665*o - 19118. What is h(29)?
167
Let i(x) = 2*x**3 + 35*x**2 - 315*x - 5452. Calculate i(-18).
-106
Let l(o) = 3*o**3 + 88*o**2 - 1042*o + 1174. Determine l(8).
6
Let p(z) = -13*z**3 + 208*z**2 + 23*z - 1. Determine p(16).
367
Let a(x) = -4*x**3 + 303*x**2 - 2259*x + 6. Give a(8).
-722
Let x(b) = 78844*b + 1025001. Determine x(-13).
29
Let n(j) = 61*j**2 - 916*j - 8297. Give n(-9).
4888
Let t(f) = 6*f**2 + 257*f + 121. Calculate t(-44).
429
Let h(t) = -t**2 - 4059*t + 1715777. Determine h(386).
7
Let f(s) = -21*s**3 - 195*s**2 - 173*s + 20. Determine f(-1).
19
Let k(j) = 424*j - 69125. Give k(163).
-13
Let a(n) = -33*n**3 - 4*n**2 + 26*n + 92. What is a(-4)?
2036
Let i(q) = -2*q**2 + 1081*q - 77419. Give i(85).
16
Let j(v) = -4205*v - 42086. Calculate j(-10).
-36
Let c(h) = 2*h**3 - 50*h**2 + 708*h - 2120. Determine c(4).
40
Let o(u) = -7*u**2 + 245*u - 2